2356 is divided by 34?
10
What is the remainder when 142 is divided by 6?
4
What is the remainder when 436 is divided by 55?
51
Calculate the remainder when 526 is divided by 24.
22
Calculate the remainder when 2540 is divided by 134.
128
Calculate the remainder when 1051 is divided by 76.
63
Calculate the remainder when 338 is divided by 17.
15
Calculate the remainder when 583 is divided by 85.
73
Calculate the remainder when 831 is divided by 44.
39
Calculate the remainder when 28 is divided by 16.
12
What is the remainder when 648 is divided by 180?
108
What is the remainder when 584 is divided by 13?
12
What is the remainder when 154 is divided by 50?
4
What is the remainder when 59 is divided by 25?
9
Calculate the remainder when 98 is divided by 71.
27
What is the remainder when 404 is divided by 145?
114
What is the remainder when 2351 is divided by 76?
71
Calculate the remainder when 2574 is divided by 25.
24
Calculate the remainder when 1802 is divided by 6.
2
What is the remainder when 2066 is divided by 150?
116
What is the remainder when 2808 is divided by 76?
72
Calculate the remainder when 23 is divided by 6.
5
What is the remainder when 1443 is divided by 184?
155
Calculate the remainder when 9299 is divided by 60.
59
Calculate the remainder when 67 is divided by 3.
1
Calculate the remainder when 778 is divided by 78.
76
What is the remainder when 2397 is divided by 16?
13
Calculate the remainder when 184 is divided by 16.
8
Calculate the remainder when 102862 is divided by 48.
46
Calculate the remainder when 380 is divided by 117.
29
Calculate the remainder when 149 is divided by 2.
1
Calculate the remainder when 18015 is divided by 9.
6
Calculate the remainder when 125 is divided by 34.
23
Calculate the remainder when 18 is divided by 3.
0
Calculate the remainder when 226 is divided by 133.
93
Calculate the remainder when 3147 is divided by 197.
192
Calculate the remainder when 1458 is divided by 161.
9
What is the remainder when 1987 is divided by 13?
11
What is the remainder when 371 is divided by 22?
19
What is the remainder when 401 is divided by 81?
77
Calculate the remainder when 336 is divided by 332.
4
Calculate the remainder when 23 is divided by 5.
3
What is the remainder when 59 is divided by 38?
21
Calculate the remainder when 45263 is divided by 11.
9
What is the remainder when 963 is divided by 160?
3
What is the remainder when 1132 is divided by 529?
74
What is the remainder when 348 is divided by 24?
12
What is the remainder when 2250 is divided by 23?
19
Calculate the remainder when 814 is divided by 102.
100
What is the remainder when 231 is divided by 24?
15
What is the remainder when 329 is divided by 66?
65
What is the remainder when 121 is divided by 90?
31
Calculate the remainder when 75 is divided by 28.
19
What is the remainder when 115 is divided by 43?
29
What is the remainder when 1903 is divided by 12?
7
Calculate the remainder when 999 is divided by 188.
59
What is the remainder when 5772 is divided by 181?
161
What is the remainder when 2039 is divided by 68?
67
Calculate the remainder when 78 is divided by 26.
0
Calculate the remainder when 27159 is divided by 194.
193
Calculate the remainder when 125 is divided by 13.
8
What is the remainder when 1839 is divided by 466?
441
Calculate the remainder when 981 is divided by 81.
9
What is the remainder when 116 is divided by 15?
11
What is the remainder when 98 is divided by 29?
11
What is the remainder when 1741 is divided by 83?
81
What is the remainder when 227 is divided by 39?
32
What is the remainder when 697 is divided by 696?
1
Calculate the remainder when 577 is divided by 10.
7
What is the remainder when 72 is divided by 40?
32
Calculate the remainder when 422 is divided by 41.
12
Calculate the remainder when 1449 is divided by 58.
57
What is the remainder when 13 is divided by 10?
3
What is the remainder when 18 is divided by 6?
0
What is the remainder when 43473 is divided by 37?
35
What is the remainder when 67 is divided by 54?
13
Calculate the remainder when 232 is divided by 47.
44
Calculate the remainder when 847 is divided by 280.
7
What is the remainder when 112 is divided by 95?
17
What is the remainder when 467 is divided by 120?
107
Calculate the remainder when 1216 is divided by 207.
181
Calculate the remainder when 2158 is divided by 80.
78
Calculate the remainder when 81 is divided by 57.
24
Calculate the remainder when 179 is divided by 48.
35
Calculate the remainder when 48 is divided by 3.
0
Calculate the remainder when 510 is divided by 7.
6
Calculate the remainder when 760 is divided by 107.
11
What is the remainder when 413 is divided by 32?
29
What is the remainder when 186 is divided by 70?
46
Calculate the remainder when 93 is divided by 31.
0
What is the remainder when 674 is divided by 73?
17
What is the remainder when 159 is divided by 145?
14
Calculate the remainder when 4101 is divided by 24.
21
Calculate the remainder when 297 is divided by 284.
13
What is the remainder when 67 is divided by 34?
33
What is the remainder when 96 is divided by 83?
13
Calculate the remainder when 970 is divided by 66.
46
What is the remainder when 3054 is divided by 3036?
18
What is the remainder when 420 is divided by 135?
15
Calculate the remainder when 141 is divided by 37.
30
Calculate the remainder when 84 is divided by 60.
24
What is the remainder when 163 is divided by 51?
10
Calculate the remainder when 13 is divided by 9.
4
Calculate the remainder when 159 is divided by 41.
36
Calculate the remainder when 321 is divided by 6.
3
Calculate the remainder when 103 is divided by 47.
9
What is the remainder when 3434 is divided by 37?
30
What is the remainder when 142 is divided by 32?
14
What is the remainder when 1196 is divided by 18?
8
Calculate the remainder when 111 is divided by 91.
20
What is the remainder when 658 is divided by 40?
18
Calculate the remainder when 928 is divided by 307.
7
Calculate the remainder when 351 is divided by 8.
7
What is the remainder when 451 is divided by 34?
9
What is the remainder when 137 is divided by 128?
9
Calculate the remainder when 426 is divided by 110.
96
What is the remainder when 140 is divided by 13?
10
Calculate the remainder when 296 is divided by 99.
98
What is the remainder when 157 is divided by 40?
37
What is the remainder when 151 is divided by 31?
27
Calculate the remainder when 487 is divided by 61.
60
What is the remainder when 108 is divided by 28?
24
What is the remainder when 70 is divided by 25?
20
What is the remainder when 419 is divided by 395?
24
What is the remainder when 163 is divided by 17?
10
Calculate the remainder when 279 is divided by 33.
15
What is the remainder when 3937 is divided by 39?
37
What is the remainder when 290 is divided by 59?
54
What is the remainder when 656 is divided by 5?
1
What is the remainder when 59 is divided by 1?
0
What is the remainder when 510 is divided by 57?
54
Calculate the remainder when 5991 is divided by 8.
7
What is the remainder when 426 is divided by 38?
8
What is the remainder when 273 is divided by 27?
3
Calculate the remainder when 393 is divided by 12.
9
What is the remainder when 1472 is divided by 67?
65
Calculate the remainder when 858 is divided by 197.
70
Calculate the remainder when 83 is divided by 21.
20
What is the remainder when 974 is divided by 8?
6
Calculate the remainder when 2388 is divided by 51.
42
What is the remainder when 513 is divided by 143?
84
What is the remainder when 250 is divided by 236?
14
What is the remainder when 49 is divided by 15?
4
What is the remainder when 100 is divided by 21?
16
What is the remainder when 203 is divided by 69?
65
What is the remainder when 89 is divided by 24?
17
What is the remainder when 306 is divided by 115?
76
What is the remainder when 16 is divided by 11?
5
What is the remainder when 9067 is divided by 189?
184
Calculate the remainder when 1974 is divided by 23.
19
Calculate the remainder when 751 is divided by 8.
7
What is the remainder when 2552 is divided by 17?
2
What is the remainder when 523 is divided by 75?
73
Calculate the remainder when 3063 is divided by 133.
4
Calculate the remainder when 9105 is divided by 99.
96
Calculate the